
-42231300
Convert 37149 (base 11) to base 15.
10c5e
-191883 (base 10) to base 16
-2ed8b
212120212222 (base 3) to base 16
715a3
Convert 349a4 (base 13) to base 2.
10111011101111110
1ce95 (base 15) to base 9
153455
-10222111212211 (base 3) to base 5
-1020204301
Convert 112311210033 (base 4) to base 9.
12234030
Convert -307034 (base 15) to base 10.
-2301799
What is 5832265 (base 9) in base 8?
14012157
215a8 (base 13) to base 15
12d02
-212121101001201 (base 3) to base 15
-117c257
Convert 24b23 (base 16) to base 8.
445443
Convert -5602 (base 8) to base 5.
-43241
Convert -17b5d (base 15) to base 3.
-10220100221
What is 13553033 (base 8) in base 2?
1011101101011000011011
What is 10210020011 (base 3) in base 8?
221434
Convert 2300233000 (base 4) to base 2.
10110000101111000000
-21550147 (base 8) to base 11
-268a834
What is -bb906 (base 12) in base 15?
-4d906
-151143235 (base 6) to base 16
-2fe847
What is -8381 (base 15) in base 16?
-6c94
Convert 11110120001120 (base 3) to base 5.
1101413222
Convert 3362d8 (base 14) to base 12.
702346
Convert -5b2 (base 14) to base 2.
-10001110000
112333004 (base 5) to base 8
1747215
What is -529676 (base 10) in base 4?
-2001110030
Convert 20112010022020 (base 3) to base 9.
6463266
14aa99 (base 13) to base 10
509323
-322121132 (base 4) to base 5
-30123243
100111101101101011111 (base 2) to base 10
1301343
7892d5 (base 14) to base 6
223453151
What is -98d7a (base 14) in base 16?
-5a6b0
-2140125 (base 6) to base 7
-621662
Convert -95340 (base 10) to base 16.
-1746c
33300200 (base 4) to base 3
10021112112
12175 (base 10) to base 6
132211
Convert 242762 (base 10) to base 3.
110100000012
3de7ad (base 16) to base 3
21122010011110
What is 112210200212 (base 3) in base 7?
2322335
Convert -100152416 (base 7) to base 3.
-101220101120102
Convert 91779 (base 12) to base 6.
4021033
Convert 1003223323 (base 5) to base 11.
1151681
What is b84c (base 15) in base 14?
102d7
Convert 88535c (base 13) to base 7.
36200525
Convert -2001221113 (base 4) to base 10.
-531031
Convert 18c737 (base 13) to base 15.
c5d4e
What is 18b0db (base 14) in base 3?
1122111000000
643a4 (base 12) to base 10
131884
1121301212 (base 4) to base 3
200200102012
What is 13530423 (base 6) in base 13?
132885
Convert -1367681 (base 11) to base 2.
-1000111110011000110100
-10100110101101011100 (base 2) to base 11
-427038
Convert -5122010 (base 8) to base 7.
-14332524
Convert 3a7994 (base 12) to base 2.
11101100001011000000
-1364382 (base 9) to base 4
-2313121103
What is -11f369 (base 16) in base 7?
-12666545
What is 269f0 (base 16) in base 14?
41916
What is -2001402 (base 7) in base 8?
-714477
What is 6caa6c (base 13) in base 6?
131334212
What is 134110313 (base 5) in base 9?
1263287
What is -4312712 (base 8) in base 13?
-314738
Convert 293423b (base 13) to base 6.
1144322214
Convert -48c4c (base 13) to base 11.
-91679
12d224 (base 14) to base 5
131311002
-776733 (base 8) to base 3
-111021211201
-330221233 (base 4) to base 5
-30422211
What is 2137918 (base 11) in base 10?
3758521
-230200012 (base 4) to base 3
-100021001001
Convert 11321300 (base 6) to base 11.
221100
Convert 173b319 (base 13) to base 4.
130233321233
-187735 (base 11) to base 5
-33212011
5440707 (base 9) to base 13
7b3253
What is 23303422 (base 5) in base 13?
75c38
Convert 50012 (base 6) to base 15.
1dc8
Convert -3255602 (base 9) to base 4.
-12223011233
What is -141214034 (base 5) in base 11?
-456621
Convert -420346 (base 7) to base 6.
-1314151
515132 (base 6) to base 4
22011200
Convert -5004221 (base 9) to base 7.
-31416661
What is -1220223033 (base 4) in base 16?
-68acf
3021032120 (base 4) to base 5
202333331
1010000121 (base 4) to base 15
57803
-21212300 (base 4) to base 13
-14ba6
What is 1003023032 (base 5) in base 12?
806436
Convert 775a1c (base 14) to base 4.
33130213222
Convert 10012432 (base 5) to base 10.
79117
11011011211202 (base 3) to base 14
416962
121100021220 (base 3) to base 14
8534a
Convert -103076 (base 9) to base 3.
-10010002120
Convert -b94123 (base 13) to base 3.
-22012000102200
10a68 (base 16) to base 6
1243424
Convert 433202411 (base 5) to base 8.
7035764
105205 (base 6) to base 13
40b2
33032 (base 14) to base 16
1e284
Convert 1595949 (base 10) to base 3.
10000002020020
What is 232523502 (base 6) in base 11?
24a0765
What is 121012211101100 (base 3) in base 14?
1204844
Convert 42246233 (base 7) to base 2.
1101101000110001010100
Convert -23314460 (base 7) to base 16.
-1f5941
Convert -215433 (base 10) to base 5.
-23343213
Convert 23231 (base 16) to base 2.
100011001000110001
-6c2cc (base 16) to base 8
-1541314
Convert 412223 (base 7) to base 13.
26099
Convert -13913f (base 16) to base 8.
-4710477
Convert -51943 (base 11) to base 15.
-1764c
Convert -56785b (base 16) to base 6.
-321243403
516300 (base 8) to base 15
35ad5
-20022102212 (base 3) to base 16
-1e55a
What is -9372299 (base 10) in base 4?
-203300022023
What is 416477 (base 8) in base 13?
4b0b5
What is 465a8 (base 14) in base 16?
29cf8
Convert 13203211031 (base 4) to base 11.
1133191
Convert -3567b (base 12) to base 2.
-10001100001111111
-60b4 (base 13) to base 10
-13329
-7aa575 (base 11) to base 7
-13642262
21214224 (base 5) to base 15
381e4
What is 1221 (base 3) in base 12?
44
86877 (base 10) to base 12
42339
-3802357 (base 12) to base 2
-101001110001111101110011
20143233 (base 5) to base 3
22020122210
2427a43 (base 12) to base 7
113455224
Convert -111111011001010001 (base 2) to base 9.
-435166
Convert -47027 (base 15) to base 11.
-144a12
What is 26547667 (base 8) in base 9?
12170723
What is 2356235 (base 7) in base 13?
a6679
194a21 (base 16) to base 10
1657377
What is 174a27 (base 11) in base 3?
111201111202
Convert -10022100022020 (base 3) to base 10.
-1758570
1212011212002 (base 3) to base 11
61507a
-8b471b (base 14) to base 5
-2203100131
Convert 83416b (base 14) to base 15.
5c74dc
-160e6c (base 16) to base 12
-598610
33a13d (base 15) to base 16
259921
-103113211312 (base 4) to base 7
-61104550
Convert -2020203210 (base 4) to base 9.
-1042230
20343500 (base 6) to base 11
372758
3112e7 (base 16) to base 2
1100010001001011100111
11001110001011101101101 (base 2) to base 10
6756205
What is -1d9ad (base 14) in base 15?
-177c0
What is 52790 (base 15) in base 4?
333313101
What is -1a3886 (base 11) in base 14?
-81c68
-33667 (base 11) to base 5
-3024330
-a1315 (base 11) to base 6
-3101424
1010212001110 (base 3) to base 5
123413141
Convert 792843 (base 11) to base 6.
43022151
1543400 (base 7) to base 9
353455
-52400160 (base 7) to base 6
-234424300
Convert 13030023002 (base 4) to base 14.
370c94
Convert 75062 (base 11) to base 16.
1aa9a
What is 102100010102 (base 3) in base 7?
1616426
Convert -14571887 (base 9) to base 4.
-123222112201
-15556003 (base 7) to base 10
-1509889
Convert 413d8 (base 14) to base 4.
212120002
Convert 361048 (base 11) to base 4.
2023233132
Convert -4276131 (base 9) to base 2.
-1000110000001000000000
What is -10011001001100101000000 (base 2) in base 12?
-18210a8
Convert -5110313 (base 7) to base 4.
-2110111322
What is 4bc52 (base 13) in base 15?
2b971
What is -5154152 (base 7) in base 16?
-97013
Convert -7185b (base 12) to base 3.
-21112011022
4404c (base 14) to base 9
270838
218775 (base 9) to base 14
35b02
396455 (base 11) to base 13
18aa0b
Convert -259d93 (base 14) to base 2.
-100111100001011111101
What is -220468 (base 11) in base 14?
-9238a
Convert 6031270 (base 8) to base 15.
214d33
What is -330330100 (base 4) in base 3?
-110200102001
-67820 (base 9) to base 6
-544543
735651 (base 10) to base 7
6152520
-1202001121 (base 3) to base 15
-a271
Convert -3421013 (base 6) to base 4.
-222131001
What is -106a0e (base 15) in base 14?
-164d33
-cfbf6 (base 16) to base 2
-11001111101111110110
What is -36887a9 (base 11) in base 8?
-30347003
Convert -89a05 (base 12) to base 6.
-3530405
What is -6225204 (base 10) in base 14?
-b80936
-550512 (base 6) to base 8
-130754
What is 10665147 (base 10) in base 14?
15b8a03
Convert -2a5689 (base 13) to base 14.
-1d119a
Convert 3421400 (base 5) to base 16.
edb2
95d097 (base 15) to base 12
247b051
-147a71d (base 14) to base 15
-d2193d
What is 232021130 (base 4) in base 9?
317252
Convert -3b293 (base 13) to base 12.
-53a04
What is -11101111010001101 (base 2) in base 16?
-1de8d
8a